{"id":1246,"date":"2020-02-11T17:11:31","date_gmt":"2020-02-11T15:11:31","guid":{"rendered":"http:\/\/ubl-leinach.de\/ublog\/?page_id=1246"},"modified":"2020-02-28T15:51:40","modified_gmt":"2020-02-28T13:51:40","slug":"sozialwesen","status":"publish","type":"page","link":"https:\/\/ubl-leinach.de\/ublog\/sozialwesen\/","title":{"rendered":"Sozialwesen"},"content":{"rendered":"\n<ul class=\"wp-block-list\"><li>Realisierung eines generationen\u00fcbergreifenden Erlebnisspielplatzes in der neuen Ortsmitte<\/li><li>Ber\u00fccksichtigung der Bed\u00fcrfnisse von Menschen mit Einschr\u00e4nkungen bei gemeindlichen Bauvorhaben<\/li><li>F\u00f6rderung und Weiterentwicklung von Betreuungsangeboten in den Kinderg\u00e4rten und der Grundschule<\/li><li>Sicherung der Zukunftsf\u00e4higkeit von Kinderg\u00e4rten, Schule und B\u00fccherei <\/li><li>Unterst\u00fctzung der Vereine und Pflege der kommunalen Partnerschaften<\/li><li>Einbeziehung der Jugend<\/li><\/ul>\n\n\n\n<figure class=\"wp-block-image size-large is-resized\"><img decoding=\"async\" src=\"https:\/\/ubl-leinach.de\/ublog\/wp-content\/uploads\/2020\/02\/Soziales-510x319.png\" alt=\"\" class=\"wp-image-1247\" width=\"800\" srcset=\"https:\/\/ubl-leinach.de\/ublog\/wp-content\/uploads\/2020\/02\/Soziales-510x319.png 510w, https:\/\/ubl-leinach.de\/ublog\/wp-content\/uploads\/2020\/02\/Soziales-600x375.png 600w, https:\/\/ubl-leinach.de\/ublog\/wp-content\/uploads\/2020\/02\/Soziales-300x188.png 300w, https:\/\/ubl-leinach.de\/ublog\/wp-content\/uploads\/2020\/02\/Soziales-768x480.png 768w, https:\/\/ubl-leinach.de\/ublog\/wp-content\/uploads\/2020\/02\/Soziales-945x591.png 945w, https:\/\/ubl-leinach.de\/ublog\/wp-content\/uploads\/2020\/02\/Soziales.png 1280w\" sizes=\"(max-width: 510px) 100vw, 510px\" \/><\/figure>\n","protected":false},"excerpt":{"rendered":"<p>Realisierung eines generationen\u00fcbergreifenden Erlebnisspielplatzes in der neuen Ortsmitte Ber\u00fccksichtigung der Bed\u00fcrfnisse von Menschen mit Einschr\u00e4nkungen bei gemeindlichen Bauvorhaben F\u00f6rderung und Weiterentwicklung von Betreuungsangeboten in den Kinderg\u00e4rten und der Grundschule Sicherung der Zukunftsf\u00e4higkeit von Kinderg\u00e4rten, Schule und B\u00fccherei Unterst\u00fctzung der Vereine und Pflege der kommunalen Partnerschaften Einbeziehung der Jugend<\/p>\n","protected":false},"author":1,"featured_media":0,"parent":0,"menu_order":0,"comment_status":"open","ping_status":"closed","template":"","meta":{"ngg_post_thumbnail":0,"footnotes":""},"class_list":["post-1246","page","type-page","status-publish","hentry"],"_links":{"self":[{"href":"https:\/\/ubl-leinach.de\/ublog\/wp-json\/wp\/v2\/pages\/1246","targetHints":{"allow":["GET"]}}],"collection":[{"href":"https:\/\/ubl-leinach.de\/ublog\/wp-json\/wp\/v2\/pages"}],"about":[{"href":"https:\/\/ubl-leinach.de\/ublog\/wp-json\/wp\/v2\/types\/page"}],"author":[{"embeddable":true,"href":"https:\/\/ubl-leinach.de\/ublog\/wp-json\/wp\/v2\/users\/1"}],"replies":[{"embeddable":true,"href":"https:\/\/ubl-leinach.de\/ublog\/wp-json\/wp\/v2\/comments?post=1246"}],"version-history":[{"count":4,"href":"https:\/\/ubl-leinach.de\/ublog\/wp-json\/wp\/v2\/pages\/1246\/revisions"}],"predecessor-version":[{"id":1532,"href":"https:\/\/ubl-leinach.de\/ublog\/wp-json\/wp\/v2\/pages\/1246\/revisions\/1532"}],"wp:attachment":[{"href":"https:\/\/ubl-leinach.de\/ublog\/wp-json\/wp\/v2\/media?parent=1246"}],"curies":[{"name":"wp","href":"https:\/\/api.w.org\/{rel}","templated":true}]}}