{"id":1249,"date":"2020-02-11T17:12:13","date_gmt":"2020-02-11T15:12:13","guid":{"rendered":"http:\/\/ubl-leinach.de\/ublog\/?page_id=1249"},"modified":"2020-02-28T15:56:17","modified_gmt":"2020-02-28T13:56:17","slug":"infrastrukturelle-entwicklung","status":"publish","type":"page","link":"https:\/\/ubl-leinach.de\/ublog\/infrastrukturelle-entwicklung\/","title":{"rendered":"Infrastrukturelle Entwicklung"},"content":{"rendered":"\n<ul class=\"wp-block-list\"><li>Entwicklung eines Verkehrskonzeptes f\u00fcr die Ortsstra\u00dfen<\/li><li>Erweiterung und Ausbau von Rad- und Wanderwegen<\/li><li>Erhaltung und Verbesserung der Freizeiteinrichtungen<\/li><li>Erschlie\u00dfung des Gewerbegebiets nach konkretem Bedarf<\/li><li>Weitere Verbesserungen beim \u00d6PNV und der digitalen Infrastruktur<\/li><\/ul>\n\n\n\n<figure class=\"wp-block-image size-large is-resized\"><img decoding=\"async\" src=\"https:\/\/ubl-leinach.de\/ublog\/wp-content\/uploads\/2020\/02\/Infrastruktur-510x319.png\" alt=\"\" class=\"wp-image-1250\" width=\"800\" srcset=\"https:\/\/ubl-leinach.de\/ublog\/wp-content\/uploads\/2020\/02\/Infrastruktur-510x319.png 510w, https:\/\/ubl-leinach.de\/ublog\/wp-content\/uploads\/2020\/02\/Infrastruktur-600x375.png 600w, https:\/\/ubl-leinach.de\/ublog\/wp-content\/uploads\/2020\/02\/Infrastruktur-300x188.png 300w, https:\/\/ubl-leinach.de\/ublog\/wp-content\/uploads\/2020\/02\/Infrastruktur-768x480.png 768w, https:\/\/ubl-leinach.de\/ublog\/wp-content\/uploads\/2020\/02\/Infrastruktur-945x591.png 945w, https:\/\/ubl-leinach.de\/ublog\/wp-content\/uploads\/2020\/02\/Infrastruktur.png 1280w\" sizes=\"(max-width: 510px) 100vw, 510px\" \/><\/figure>\n","protected":false},"excerpt":{"rendered":"<p>Entwicklung eines Verkehrskonzeptes f\u00fcr die Ortsstra\u00dfen Erweiterung und Ausbau von Rad- und Wanderwegen Erhaltung und Verbesserung der Freizeiteinrichtungen Erschlie\u00dfung des Gewerbegebiets nach konkretem Bedarf Weitere Verbesserungen beim \u00d6PNV und der digitalen Infrastruktur<\/p>\n","protected":false},"author":1,"featured_media":0,"parent":0,"menu_order":0,"comment_status":"open","ping_status":"closed","template":"","meta":{"ngg_post_thumbnail":0,"footnotes":""},"class_list":["post-1249","page","type-page","status-publish","hentry"],"_links":{"self":[{"href":"https:\/\/ubl-leinach.de\/ublog\/wp-json\/wp\/v2\/pages\/1249","targetHints":{"allow":["GET"]}}],"collection":[{"href":"https:\/\/ubl-leinach.de\/ublog\/wp-json\/wp\/v2\/pages"}],"about":[{"href":"https:\/\/ubl-leinach.de\/ublog\/wp-json\/wp\/v2\/types\/page"}],"author":[{"embeddable":true,"href":"https:\/\/ubl-leinach.de\/ublog\/wp-json\/wp\/v2\/users\/1"}],"replies":[{"embeddable":true,"href":"https:\/\/ubl-leinach.de\/ublog\/wp-json\/wp\/v2\/comments?post=1249"}],"version-history":[{"count":4,"href":"https:\/\/ubl-leinach.de\/ublog\/wp-json\/wp\/v2\/pages\/1249\/revisions"}],"predecessor-version":[{"id":1534,"href":"https:\/\/ubl-leinach.de\/ublog\/wp-json\/wp\/v2\/pages\/1249\/revisions\/1534"}],"wp:attachment":[{"href":"https:\/\/ubl-leinach.de\/ublog\/wp-json\/wp\/v2\/media?parent=1249"}],"curies":[{"name":"wp","href":"https:\/\/api.w.org\/{rel}","templated":true}]}}